f 1525 and 62950.
25
What is the greatest common factor of 114241 and 115?
23
What is the greatest common factor of 16 and 673456?
16
What is the greatest common divisor of 57 and 340499?
19
Calculate the greatest common factor of 10714 and 77.
11
Calculate the greatest common divisor of 9730 and 102860.
1390
Calculate the greatest common divisor of 240 and 733056.
48
What is the greatest common factor of 3141 and 594?
9
Calculate the greatest common divisor of 259 and 16169.
37
Calculate the highest common factor of 644 and 13432.
92
Calculate the highest common divisor of 66 and 99.
33
What is the highest common factor of 15295 and 19285?
665
Calculate the greatest common factor of 2262 and 11622.
78
What is the highest common divisor of 16408 and 368?
8
What is the highest common factor of 429 and 5643?
33
Calculate the highest common factor of 24521 and 17402.
791
Calculate the greatest common divisor of 1215965 and 471.
157
Calculate the highest common factor of 229885 and 115.
115
What is the highest common divisor of 5554315 and 26?
13
What is the highest common divisor of 159045 and 1380?
345
What is the highest common factor of 224 and 1023008?
224
What is the greatest common factor of 24 and 2603028?
12
What is the greatest common divisor of 48 and 3520344?
24
What is the highest common divisor of 6894 and 54?
18
What is the highest common factor of 6702 and 302?
2
Calculate the greatest common factor of 369 and 7298.
41
Calculate the highest common factor of 514 and 326.
2
Calculate the highest common factor of 11832 and 69136.
232
What is the greatest common factor of 371003 and 353?
353
Calculate the highest common factor of 1167282 and 18.
18
Calculate the greatest common factor of 325394 and 228.
38
What is the greatest common divisor of 700 and 45150?
350
What is the highest common divisor of 1029 and 62979?
21
Calculate the highest common factor of 14752 and 160.
32
What is the highest common factor of 51 and 510017?
17
What is the highest common divisor of 276 and 103822?
46
Calculate the greatest common factor of 528 and 25824.
48
What is the greatest common divisor of 71505 and 1575?
315
Calculate the greatest common factor of 80 and 469536.
16
What is the greatest common divisor of 4775 and 93399?
191
What is the greatest common factor of 2334013 and 77?
11
Calculate the highest common factor of 7 and 3661.
7
What is the highest common divisor of 2090 and 507110?
190
What is the greatest common factor of 44562 and 546?
42
What is the greatest common factor of 19062 and 102?
6
What is the highest common factor of 1076300 and 50?
50
What is the highest common factor of 76 and 17062?
38
Calculate the greatest common factor of 77 and 384043.
11
Calculate the highest common divisor of 154297 and 715.
143
What is the highest common factor of 1316 and 40?
4
What is the greatest common divisor of 640 and 7120?
80
What is the greatest common divisor of 1359 and 261?
9
What is the greatest common divisor of 8907 and 429?
3
What is the highest common factor of 18 and 3106350?
18
Calculate the greatest common divisor of 3626 and 4514.
74
Calculate the highest common divisor of 27393 and 1311.
69
Calculate the greatest common divisor of 11713 and 22737.
689
Calculate the highest common divisor of 51173 and 96037.
701
What is the highest common factor of 33253 and 77?
11
Calculate the highest common factor of 145 and 67715.
145
Calculate the highest common divisor of 38517 and 111.
111
What is the greatest common factor of 89957 and 24850?
497
What is the highest common divisor of 99 and 6912?
9
What is the greatest common factor of 97500 and 20800?
1300
Calculate the greatest common divisor of 2259 and 39909.
753
Calculate the greatest common factor of 84588 and 35511.
399
Calculate the highest common divisor of 72 and 1164096.
72
What is the greatest common divisor of 396408 and 913?
83
Calculate the highest common divisor of 107272 and 1656.
184
What is the greatest common factor of 1562800 and 400?
400
What is the highest common factor of 6031 and 6683?
163
Calculate the greatest common divisor of 271808 and 26784.
992
Calculate the greatest common divisor of 5590 and 320.
10
Calculate the greatest common factor of 156177 and 35.
7
What is the greatest common factor of 332490 and 120?
30
Calculate the highest common divisor of 545 and 2845.
5
What is the highest common divisor of 1076 and 3657593?
269
What is the greatest common factor of 105254 and 16?
2
What is the greatest common divisor of 1470 and 575022?
42
Calculate the greatest common divisor of 123292 and 156.
52
What is the greatest common divisor of 328 and 213364?
164
Calculate the greatest common factor of 217211 and 1328.
83
What is the greatest common divisor of 25211 and 17?
17
What is the highest common factor of 3888 and 441?
9
Calculate the highest common factor of 55 and 11090.
5
What is the highest common divisor of 158948 and 948?
316
Calculate the greatest common factor of 136258 and 2895.
193
Calculate the greatest common factor of 1012 and 3777796.
1012
Calculate the highest common factor of 86975 and 55.
5
What is the highest common divisor of 368 and 414?
46
What is the highest common factor of 469 and 33567?
67
Calculate the highest common factor of 195203 and 2.
1
Calculate the greatest common factor of 980 and 2860.
20
What is the highest common factor of 900 and 31254?
6
Calculate the highest common divisor of 2159980 and 60.
20
Calculate the greatest common divisor of 3348 and 189.
27
Calculate the greatest common divisor of 5512 and 742.
106
What is the greatest common divisor of 15022 and 296?
74
Calculate the greatest common factor of 32 and 88512.
32
What is the highest common factor of 36369 and 4939?
449
What is the greatest common divisor of 14472 and 1340?
268
Calculate the greatest common factor of 1312368 and 3648.
912
What is the highest common divisor of 35 and 14885395?
35
What is the highest common factor of 3355 and 18727?
61
What is the greatest common divisor of 280485 and 3312?
207
Calculate the greatest common factor of 6140504 and 1952.
488
Calculate the highest common divisor of 216 and 1528.
8
What is the highest common factor of 166 and 48389?
83
Calculate the highest common divisor of 404 and 38582.
202
Calculate the highest common divisor of 123830 and 3843.
427
Calculate the greatest common divisor of 198 and 12243.
33
Calculate the greatest common factor of 1914 and 58638.
174
What is the greatest common factor of 4741 and 33?
11
What is the greatest common divisor of 3757 and 7?
1
What is the greatest common divisor of 597 and 10111787?
199
What is the greatest common factor of 5824 and 494?
26
Calculate the greatest common factor of 4277202 and 369.
123
Calculate the highest common divisor of 80 and 32460.
20
What is the greatest common divisor of 10 and 6680?
10
What is the highest common factor of 21132 and 60?
12
What is the greatest common divisor of 6 and 61238?
2
What is the greatest common divisor of 541920 and 16?
16
Calculate the highest common factor of 154 and 636592.
22
What is the highest common factor of 2259 and 2761?
251
Calculate the highest common divisor of 1458156 and 84.
84
What is the greatest common factor of 1320485 and 1185?
395
What is the greatest common divisor of 40 and 624540?
20
Calculate the greatest common divisor of 1905 and 3615.
15
Calculate the highest common divisor of 168620 and 40.
20
Calculate the greatest common factor of 4189 and 24992.
71
What is the greatest common factor of 2673 and 9515?
11
What is the greatest common divisor of 187 and 14542?
11
What is the greatest common divisor of 1308 and 45?
3
What is the highest common factor of 1491 and 5893?
71
Calculate the highest common divisor of 50094 and 153.
9
Calculate the greatest common factor of 1108 and 8608052.
1108
Calculate the highest common divisor of 4699 and 5069.
37
Calculate the highest common divisor of 374276 and 224.
28
Calculate the highest common divisor of 18 and 134055.
9
Calculate the highest common divisor of 7960 and 760.
40
Calculate the highest common factor of 12 and 9822.
6
Calculate the highest common factor of 25780 and 140.
20
What is the greatest common factor of 12411 and 441?
63
What is th